*a - 7. Determine x(-5).
-87
Let h(q) = 2039*q - 87256. Calculate h(42).
-1618
Let s(r) = -2*r**2 + 578698*r + 9259684. Give s(-16).
4
Let b(a) = 379*a - 342. Determine b(1).
37
Let y(u) = -3*u**2 - 1869*u + 62914. Calculate y(32).
34
Let a(q) = -69*q - 6169. Determine a(-103).
938
Let n(q) = q**3 - 26*q**2 + 11*q - 15656. Determine n(37).
-190
Let l(q) = 313*q**3 - 7*q**2 + 4*q + 7. Calculate l(-1).
-317
Let k(b) = 16556*b + 66296. Calculate k(-4).
72
Let o(y) = 1046*y**2 + 865040*y - 1671. Determine o(-827).
-17
Let x(j) = -32*j**2 + 402*j + 191. Determine x(13).
9
Let v(u) = -327*u + 66068. Give v(204).
-640
Let y(c) = 184*c + 11201. Determine y(-60).
161
Let a(p) = -9*p**3 + 7*p**2 + 96*p + 53. Calculate a(-3).
71
Let r(b) = b**3 - 327*b**2 + 24162*b - 55085. Determine r(108).
-5
Let y(c) = 387*c - 22002. Determine y(56).
-330
Let d(v) = -341004*v + 12276145. What is d(36)?
1
Let o(n) = 7902*n - 1604110. Calculate o(203).
-4
Let p(x) = x**3 - 43*x**2 + 226*x + 29. What is p(37)?
177
Let x(c) = 27322*c + 2137. Determine x(0).
2137
Let l(s) = -s**3 + 4*s**2 + 66*s + 106. Calculate l(11).
-15
Let a(m) = 22769*m - 9494626. Give a(417).
47
Let n(i) = i**2 + 7425*i - 2542984. Calculate n(328).
0
Let d(f) = 13*f**2 + 981*f - 16271. Calculate d(14).
11
Let h(n) = 2*n**3 - 11*n**2 - 11*n + 316. Calculate h(-5).
-154
Let n(i) = -7*i**3 - 143*i + 267. Calculate n(2).
-75
Let a(g) = g**3 + 11*g**2 - 4336*g - 51872. What is a(-12)?
16
Let w(n) = 41960*n - 1342852. Determine w(32).
-132
Let v(o) = 43*o - 901. Determine v(13).
-342
Let x(w) = -w**3 - 8*w**2 + 18043*w - 89893. Give x(5).
-3
Let p(m) = 43*m**2 - 339*m - 24. Calculate p(6).
-510
Let c(p) = -25937*p + 285309. Calculate c(11).
2
Let z(m) = -m**2 + 44*m + 1275. Determine z(-20).
-5
Let n(o) = o**3 + 123*o**2 - 190*o - 8222. What is n(-124)?
-38
Let m(y) = -1734*y**2 + 2998*y + 943. What is m(2)?
3
Let h(l) = 727*l - 4251. Calculate h(6).
111
Let i(m) = 6*m**3 + 55*m**2 - 31*m - 139. Determine i(-8).
557
Let h(f) = f**3 - 312*f**2 + 616*f + 1147. Calculate h(310).
-93
Let d(t) = -2*t**3 - 42*t**2 - 77*t + 1551. Determine d(-16).
223
Let u(j) = j**3 + 380*j**2 - 35724*j - 1. Determine u(78).
-1
Let q(n) = 89*n**3 - 1147*n**2 - 412*n + 3676. Determine q(13).
10
Let i(d) = 162336*d - 974019. Calculate i(6).
-3
Let p(b) = -2*b**2 + 6311*b + 107867. Give p(-17).
2
Let o(j) = j**2 + 12566*j + 3404043. Calculate o(-277).
-10
Let f(l) = -80*l**2 - 176914*l - 428543. What is f(-2209)?
3
Let i(w) = -5*w**3 + 7*w**2 + 19*w + 55. Determine i(5).
-300
Let x(c) = 23*c**2 - 2272*c + 1786. Give x(98).
22
Let y(w) = 3*w**2 + 40*w - 101. What is y(-11)?
-178
Let a(v) = 486*v**2 + 19*v - 3. Calculate a(2).
1979
Let l(s) = -2*s**3 + 10*s**2 + 4*s + 13. Give l(6).
-35
Let m(i) = -i**3 + 16*i**2 + 501*i + 392. What is m(32)?
40
Let c(v) = v**3 - 72*v**2 - 6*v - 231. Determine c(72).
-663
Let c(k) = 30*k - 3530. Determine c(131).
400
Let n(y) = -y**3 + 78*y**2 + 169*y + 176. Calculate n(80).
896
Let z(m) = -1248*m + 27036. Calculate z(25).
-4164
Let x(d) = 10200*d + 785410. Calculate x(-77).
10
Let q(p) = p**3 + 732*p**2 + 2850*p - 239. Calculate q(-4).
9
Let n(s) = 2*s**3 + 26*s**2 + 13*s - 89. Give n(8).
2703
Let p(w) = -18*w**2 - 745*w - 3268. Determine p(-5).
7
Let i(q) = -1644*q + 115100. Determine i(70).
20
Let j(l) = -l**3 + 121*l**2 - 3639*l - 401. Determine j(57).
112
Let y(i) = -353*i**2 - 23249*i + 23250. Calculate y(1).
-352
Let x(w) = -w**3 + 21*w**2 - 49*w - 403. Give x(22).
-1965
Let x(w) = -7006*w - 105179. Calculate x(-15).
-89
Let t(l) = -2*l**3 + 79*l**2 + 1619*l - 2523. What is t(-16)?
-11
Let r(u) = u**2 + 89*u - 43219. Give r(-257).
-43
Let s(y) = 33747*y + 67395. Give s(-2).
-99
Let d(a) = -a**3 - 278*a**2 - 2522*a - 27246. Determine d(-269).
-77
Let f(l) = 3*l**3 + 336*l**2 - 332*l + 784. Give f(-113).
-7
Let t(d) = -1487*d - 13134. What is t(-9)?
249
Let f(t) = -14*t**2 + 2641*t - 25006. Calculate f(10).
4
Let j(y) = -27*y**3 - 1189*y**2 - 68*y - 1033. Give j(-44).
23
Let d(o) = 6629*o + 4123223. Calculate d(-622).
-15
Let u(n) = 3045*n - 30423. Give u(10).
27
Let h(x) = -7736*x - 25259. Calculate h(-3).
-2051
Let v(z) = 6757*z - 357920. Calculate v(53).
201
Let b(o) = -2813*o + 27738. Determine b(11).
-3205
Let j(m) = -4930*m + 49435. What is j(10)?
135
Let r(s) = -301758*s + 10863274. What is r(36)?
-14
Let s(d) = -66*d**2 - 1286*d - 185. Give s(-19).
423
Let c(l) = -l**2 - 1137*l + 63077. What is c(53)?
7
Let v(l) = 2748*l + 263736. Determine v(-96).
-72
Let t(m) = 2*m**3 - 15*m**2 + 29*m - 26. Calculate t(5).
-6
Let t(k) = k**2 - 2834*k + 115. What is t(0)?
115
Let u(b) = -2*b**2 - 76*b + 792. What is u(-46)?
56
Let j(g) = -925*g + 24159. What is j(25)?
1034
Let p(m) = -2*m**2 - 700*m - 8194. Determine p(-338).
-82
Let i(t) = 2*t**3 + 38*t**2 - 919*t - 3222. Determine i(16).
-6
Let z(v) = 940*v - 106035. Determine z(113).
185
Let w(u) = -u**3 - 19*u**2 + 3576*u + 299. Give w(-70).
-121
Let z(q) = 7*q**3 - 239*q**2 - 1259*q + 43980. What is z(34)?
18
Let m(x) = -13*x**2 - 904*x - 2708. Determine m(-3).
-113
Let f(r) = -1045*r - 3792. Determine f(-5).
1433
Let m(h) = -48318*h + 676450. Give m(14).
-2
Let s(t) = 453838*t - 907691. Determine s(2).
-15
Let s(u) = 44460*u - 3912484. Determine s(88).
-4
Let v(i) = -11*i**3 - 56*i**2 - 150*i + 76. Calculate v(-3).
319
Let z(d) = d**3 + 15*d**2 - 217*d - 3592. Determine z(-15).
-337
Let q(s) = s**3 - 42*s**2 - 1000*s + 68. Give q(59).
245
Let z(h) = h**3 - 213*h**2 + 4862*h - 10. Calculate z(26).
-10
Let r(o) = -3*o**3 + 3264*o**2 - 32340*o - 9. Calculate r(1078).
-9
Let u(o) = -21*o**2 + 2045*o + 1275. Determine u(98).
1
Let d(j) = -8*j**2 - 221*j - 443. Calculate d(-2).
-33
Let s(o) = 49*o**2 + 2921*o - 17175. Determine s(-65).
-15
Let o(q) = 1349*q - 8135. Calculate o(5).
-1390
Let o(h) = -11*h**2 + 894*h - 3607. Give o(4).
-207
Let j(x) = -x**2 + 2594*x - 79428. What is j(31)?
25
Let t(b) = -9*b**3 + 182*b**2 - 37*b - 197. Determine t(20).
-137
Let g(c) = -c**2 + 14484*c + 435433. Give g(-30).
13
Let u(m) = 5*m**3 + 2963*m**2 + 2960*m - 1. Determine u(-1).
-3
Let s(c) = -153*c - 5176. Give s(-31).
-433
Let l(x) = 68905*x - 12. Calculate l(0).
-12
Let r(c) = -2*c**3 - 92*c**2 - 62*c + 1310. Calculate r(-45).
50
Let o(z) = 1521*z - 1037323. What is o(682)?
-1
Let m(f) = 127330*f - 1145863. Determine m(9).
107
Let m(v) = v**3 + 214*v**2 + 196*v - 3615. What is m(-213)?
6
Let t(g) = 372*g - 7423. Give t(19).
-355
Let x(s) = -15*s**2 + 477*s - 455. What is x(1)?
7
Let x(w) = -w**2 - 90*w - 3774. Determine x(-38).
-1798
Let f(s) = 2*s**3 - 124*s**2 - 141*s + 786. Give f(63).
-159
Let j(r) = r**3 + 4*r**2 - 208*r - 752. Determine j(-20).
-2992
Let z(j) = 2*j**2 + 2582*j - 1818587. What is z(506)?
-23
Let y(z) = -z**3 - 33*z**2 - 238*z - 548. Determine y(-24).
-20
Let d(i) = -2626*i + 12162. Calculate d(5).
-968
Let l(o) = -3*o**3 + 1343*o**2 + 450*o - 968. Determine l(448).
-72
Let m(c) = 4*c**2 - 1048*c + 7133. Give m(255).
-7
Let n(u) = -240*u + 18695. What is n(79)?
-265
Let k(s) = -s**2 + 820*s + 52803. Calculate k(-60).
3
Let j(i) = i**2 - 3*i - 6213. What is j(81)?
105
Let v(c) = -536*c - 16710. What is v(-31)?
-94
Let a(d) = 6*d**2 + 11639*d - 23275. Give a(2).
27
Let h(o) = -8*o**3 + 469*o**2 + 220*o - 2552. Calculate h(59).
-15
Let o(t) = -222*t + 3536. Determine o(10).
1316
Let r(a) = -3*a**2 + 693*a + 11847. Calculate r(-16).
-9
Let c(g) = -g**2 + 870*g - 13482. Determine c(16).
182
Let o(m) = -m**3 - 21*m**2 + 299*m + 65. Give o(-31).
406
Let s(u) = -2*u**3 + 244*u**2 + 1011*u + 103. Calculate s(126).
481
Let l(x) = 262*x**2 - 1413*x - 4237. Determine l(-3).
2360
Let b(t) = 30*t**3 + 34*t**2 + 12*t + 12. Give b(-1).
4
Let i(s) = -11*s**3 + 2147*s**2 + 71018*s - 2236. Calculate i(224).
4
Let j(w) = 250*w + 990. What is j(-5)?
-260
Let q(u) = 4511*u + 239043. What is q(-53)?
-40
Let m(j) = j**3 + 38*j**2 - 1221*j + 1056. Determine m(-59).
-6
Let p(u) = -2*u**3 + 445*u**2 - 2545*u - 307. Calculate p(6).
11
Let q(k) = -7*k**3 - 34*k**2 + 130*k + 207. Calculate q(6).
-1749
Let y(h) = 7*h**2 + 103*h + 329. Give y(-23).
1663
Let b(q) = 53*q**3 - 1644*q**2 - 7*q - 119. Determine b(31).
-1297
Let b(k) = k**2 - 153*k + 397. Determine b(136).
-